)/96*-436)/((-3)/n)?
1
Let x be ((-9)/6)/((-2)/(-4)). Let q be 1/(24/45 - (-1)/x). Suppose -2*f = q*l - 50, -l + 3*f + 22 = f. What is the units digit of l?
2
Let b(n) = 427*n**2 - 214*n - 1712. What is the units digit of b(-8)?
8
Let t be ((-33)/2)/((-126)/(-168)). What is the units digit of (405/6)/3*t/(-3)?
5
Suppose 0 = 3*s, -x = -2*s + 8931 - 37782. What is the units digit of x?
1
Let k = -344 + 349. Suppose 5*r - 7*m = -2*m + 3290, -3269 = -k*r - 2*m. What is the tens digit of r?
5
Suppose -94*n - 123*n + 4555698 = 0. What is the tens digit of n?
9
Let u(z) = z**3 + 16*z**2 - 14*z + 56. Let g be u(-17). Suppose -3*w + 2*o = -142 - 540, -g*w - 3*o = -1124. What is the units digit of w?
6
Let y = 3892 + -822. Suppose 40*n - 30*n = y. What is the hundreds digit of n?
3
What is the thousands digit of (-295)/59 + (5 - (-231684)/4)?
7
Suppose -3*d - 4*b + 11233 = 2*d, -3*b + 2240 = d. Suppose -3*c + d - 230 = 0. What is the hundreds digit of c?
6
Let y(g) = 84*g - 51. Let u be y(10). Let t = u + -524. What is the units digit of t?
5
What is the hundreds digit of 12 + -23 + (-64568)/(-7)?
2
Let y(t) = 2*t**2 + 6*t - 2. Let o be y(8). Let j be o/24 - 3/(-4). Suppose 5*p + 5*f - 23 = 12, j = -4*p + 5*f. What is the units digit of p?
3
Suppose 46714 = 19*q + 5675 - 145294. What is the units digit of q?
7
Let s(v) = -1033*v - 1520. What is the hundreds digit of s(-7)?
7
Let x(n) = -n**2 - 4*n**3 + 5*n**3 + 0*n**2 - 3*n**2. What is the units digit of x(8)?
6
Let v(q) = 14*q**2 - 46*q + 51*q + 2*q**2 + 2*q**2 - q**3 - 15. What is the tens digit of v(12)?
0
Let g(i) be the second derivative of -7*i**5/20 - 7*i**4/12 - 2*i**3 + 4*i**2 - 3*i - 3. What is the hundreds digit of g(-4)?
3
Suppose -2*c + 4*s + 70318 = 0, 3*c - 173*s = -174*s + 105477. What is the thousands digit of c?
5
Let v(c) = 27*c**2 + 73*c + 897. What is the hundreds digit of v(-24)?
6
Let q be -3*12/90 - (-563)/(-5). Let l = 124 + q. What is the tens digit of l?
1
Let r(m) = -3*m**3 - 4*m**2 - 36*m + 22. What is the hundreds digit of r(-8)?
5
What is the ten thousands digit of 2/(-7) - (232777/(-21) + 22/(-33))?
1
Let g(j) = -3*j**2 - 20*j - 24. Let w be g(-5). What is the hundreds digit of (19/57)/(-1*w/(-351))?
1
Suppose -26*m + 18*m = -160. Let r(c) = 21*c + 129. What is the units digit of r(m)?
9
Let h(r) be the second derivative of 5*r**3/3 + 50*r**2 - 30*r. Let a be h(23). Suppose -4*f - 211 = -4*q + 25, a = 5*q + 2*f. What is the units digit of q?
4
Let z = -42 - -55. Let y = z - 12. Let b(v) = 58*v**2 + v - 1. What is the tens digit of b(y)?
5
Let o(d) = -20*d**3 - 4*d**2 + 37*d + 15. What is the tens digit of o(-7)?
2
Suppose 87*a - 72*a - 49950 = 0. Let b = a - 1925. What is the units digit of b?
5
Suppose -13*y + 5*y = -2256. Let a = y - 88. What is the hundreds digit of a?
1
Suppose -5*w = 3*z + z - 9715, 0 = -2*w + 5*z + 3919. Suppose w = -90*j + 101*j. What is the hundreds digit of j?
1
Suppose 4*h - o - 44343 = 0, -8*h + 4*o = -10*h + 22158. What is the thousands digit of h?
1
What is the ten thousands digit of 445 + -453 - (-1 + -22546)?
2
Suppose 19*f - 14*f + 2075 = 0. Let u = f - -1092. What is the tens digit of u?
7
Let y = 64277 - 37532. What is the tens digit of y?
4
Let k = 47 - 53. Let j = -6 - k. Suppose -6*y + 227 + 1123 = j. What is the tens digit of y?
2
Let k = -15 + 14. Let t(q) = -327*q**2 - 10*q + 3. Let v(m) = 164*m**2 + 5*m - 2. Let r(d) = -6*t(d) - 11*v(d). What is the tens digit of r(k)?
5
Let j(a) = -71*a + 27. Let f(s) = -71*s + 29. Let i(w) = -7*f(w) + 6*j(w). What is the tens digit of i(6)?
8
Suppose -3*k + 147 = -459. Let y = k + 23. What is the hundreds digit of y?
2
Suppose 5863240 - 3435613 = 556*i - 9557509. What is the thousands digit of i?
1
Suppose 4*i - 5*d + 13 = -4*d, 3*d - 18 = 5*i. Let g be 13 - 2/5*(i - 7). Suppose -g = w - 80. What is the units digit of w?
3
Suppose -2*z = 5*v - 282, 55 = v - 10*z + 9*z. Suppose -53*r - 3699 = -v*r. What is the tens digit of r?
3
Suppose -583459 = 292*x - 649686 - 1477285. What is the thousands digit of x?
5
Let z(o) = -o**3 - 17*o**2 + 39*o + 15. Let c(n) = -4*n**2 - 3*n - 9. Let v be c(-2). Let f be z(v). Let x(d) = 3*d + 15. What is the units digit of x(f)?
3
Let r = -39968 - -58316. What is the ten thousands digit of r?
1
Let b be 121/44 - (1 - (-5)/(-4)). Suppose 2*a + 2*a = b*w + 3, -3*w = -2*a + 3. What is the tens digit of a + -471*4/(-12)?
5
Let h(t) = 54*t**3 + t**2 - t. Let r be ((-26)/6 - -4)*-15. Suppose 6*w - r = w. What is the tens digit of h(w)?
5
Suppose 75199 = -30*f + 114*f - 154373. What is the tens digit of f?
3
Let o be 42/(-5) + 38/95. Let n be ((24/(-9))/(-4))/(o/(-324)). Let x = 30 - n. What is the units digit of x?
3
Suppose 3*y = 9, 74*y - 71*y = r - 9657. What is the thousands digit of r?
9
Let a = -17764 - -31570. What is the units digit of a?
6
Let y = 1043 - 717. Let z = y - 164. Suppose -r + z = r. What is the units digit of r?
1
Suppose -5*l = 3*f - 8143, 4*l - 3*l = -1. What is the tens digit of f?
1
Suppose -3 = l - 2*h, -8*h = 3*l - 3*h - 24. Suppose 0 = -2*b - l*b + 6*b. Suppose -49*t + 52*t - 300 = b. What is the units digit of t?
0
What is the tens digit of (-70)/(-42)*(-612)/(-5)?
0
Suppose -55 + 211 = -3*y. Let k = y - -46. What is the tens digit of 43 + (1 + -3 - k)?
4
Let a be ((-216)/(-32))/((-1)/4). Let l = a - -63. What is the tens digit of (l/8)/3 - 230/(-4)?
5
Let n = 2199 - -3614. What is the hundreds digit of n?
8
Suppose 0 = 3*c + 3*y - 4263 - 6975, 0 = c - 5*y - 3734. What is the tens digit of c?
4
Let s = 52698 + -33219. What is the units digit of s?
9
Suppose 4*a = -2*h + 7338, -h = 3*h - 3*a - 14709. What is the thousands digit of h?
3
Suppose 4*d - 9 = -13, n - 2*d - 735 = 0. Let b = 1270 - n. What is the units digit of b?
7
Let g(d) = 6*d**2 - 7*d - 44. Let k = 761 + -752. What is the hundreds digit of g(k)?
3
Suppose 193*f = -409809 + 6246375 + 4680969. What is the tens digit of f?
9
Let y(l) = 267*l + 426. Let w(o) = -402*o - 639. Let c(m) = -5*w(m) - 8*y(m). What is the thousands digit of c(-13)?
1
Suppose -5*q = -2*g - 58, q + 24 = 3*q - g. Let r(s) = 11*s + 134. What is the tens digit of r(q)?
4
Let q(i) = -i**3 + 10*i**2 + i + 21. Let k be q(9). Suppose 5*p = -3*s + 631, -s - p + k = -98. What is the tens digit of s?
0
Let r = -53 - -55. Suppose -3*n + 390 = -3*p, 257 = 2*n - r*p - 3*p. What is the units digit of n?
1
Let v be 3/(2 + 0 + -1). Let s(k) = 22*k - 2. Let z be s(v). Suppose -1 = 3*i - z. What is the units digit of i?
1
Suppose 28*a + 65 = 15*a. What is the hundreds digit of 53*a/(-10)*26?
6
Let j(t) = -t**3 + t**2 - t - 2. Let c be j(0). What is the units digit of (-12636)/(-12) - 2*c?
7
Let q = -29 + 17. What is the hundreds digit of (-2 - q/(-4))/(9/(-1656))?
9
Suppose 10*l = -l + 46948. Suppose -l = 237*y - 241*y. What is the thousands digit of y?
1
Let m(x) = -3*x + 36. Let q be m(11). Suppose 2 = 2*l + q*h - 1, -4*l = -h - 13. What is the hundreds digit of ((-1)/2)/(2*l/(-2292))?
1
Suppose 0 = 3*j + j - 24. Let l be (9940/175)/((-1)/15*6/(-3)). What is the units digit of (2*(-2)/(-4))/(j/l)?
1
Suppose -8*p + 35416 = -18168. What is the hundreds digit of p?
6
Let u(r) = 3*r**3 - 13*r**2 - 22*r + 24. Let h be u(9). Suppose 3*i - 4*x = 1965, 5*i - 2280 - h = -5*x. What is the tens digit of i?
5
Let m(w) be the second derivative of -w**5/20 + w**4/6 + w**3/6 - w**2 - 18*w. Let y be m(2). Suppose 87 = -y*n + n. What is the tens digit of n?
8
Let q(u) = 7*u + 2. Let k be q(0). Suppose -5*l + 2*s + 31 = -33, 0 = 2*l + k*s - 34. Suppose -l*b + 1318 = 16. What is the tens digit of b?
9
Let l(z) be the first derivative of 23*z**2/2 + 22*z + 1. Suppose -32*p = -141*p - 173*p + 2538. What is the units digit of l(p)?
9
Let v = 128 + -110. Suppose 3375 = -v*n + 11565. What is the tens digit of n?
5
What is the units digit of (1/6 - (-220)/165)/((-3)/(-156810))?
5
Let o = -27939 + 43947. What is the hundreds digit of o?
0
What is the ten thousands digit of 205 + -189 - (-28398)/2?
1
Suppose 3*o + 91300 = -10*o + 425374. What is the tens digit of o?
9
Let x = 393 + 380. Let b = 93 + x. What is the hundreds digit of b?
8
Let p(d) = -6*d**3 + 8*d**2 + 16*d - 18. What is the thousands digit of p(-11)?
8
Let z be 624/(12/(-8) + 3). S